 the third derivative of -1/30*h**5 + 1/2*h**3 + 1/60*h**6 + q*h + 5*h**2 + 0 - 1/12*h**4. Give v(2).
7
Let j(u) = -7*u**3 - 14*u**2 - 11*u + 8. Let f(k) = k**3 + k**2 + k. Let d(p) = 6*f(p) + j(p). Let m = -10 - -3. Calculate d(m).
-6
Let r(l) = 6*l + 83. Let q be r(-14). Let k(a) = -24*a**2 - 1. What is k(q)?
-25
Let w(g) be the first derivative of -45 - g**2 - 3*g**2 + 0*g**2 + g + 46. Give w(1).
-7
Let z be 54/13 + 20/(-130). Suppose z*a - 40 = -24. Let u(f) = -f**3 + 4*f**2 + 5*f - 5. What is u(a)?
15
Let h(a) = a**3 - 6*a**2 + 8*a - 10. Suppose -3*f - 2*t = -9, 3 = -2*t - 3. Determine h(f).
5
Let h(k) = -k**2 + 14*k - 2. Let g(u) = u**3 + 14*u**2 + 11*u - 13. Let a be g(-13). Determine h(a).
11
Let j = 54 - 27. Let h = -25 + j. Let m(x) = 3*x + 2. Calculate m(h).
8
Let q = -83 + 72. Let t(l) = 3*l + 27. Let h be t(q). Let a(o) be the second derivative of -o**3/6 - o**2 + o. Determine a(h).
4
Suppose 0 = z + 2*s - 5, -6*z + 3*z = 3*s - 12. Let d(h) = -h**2 + z*h + h**3 - 5 - 4*h**2 + 4*h. Let f be (12/(-15) + 0)*30/(-6). Determine d(f).
7
Let m = -9 + 3. Let c(q) be the first derivative of q**4/12 + 5*q**3/6 - 7*q**2/2 + 17*q - 8. Let w(l) be the first derivative of c(l). Determine w(m).
-1
Let i(s) = -5*s**2 + 3*s - 7. Let g(d) = -2*d**2 - d - 1. Let c(z) = 2*g(z) - i(z). Give c(5).
5
Let m(l) = 2*l**2 - 2*l + 3*l - l**2 + 7*l + 1. Let b be m(-8). Let t(w) = -18 + 2*w + 17 + w. Determine t(b).
2
Let u = 3765 - 3772. Let a(w) = -w**3 - 7*w**2 + 2*w - 6. Let g(m) = 5*m**3 + 35*m**2 - 10*m + 30. Let x(h) = 11*a(h) + 2*g(h). What is x(u)?
-20
Let u(r) = 11*r - 15. Let s(y) = -3*y + 4. Let b = 23 - 32. Let l(a) = b*s(a) - 2*u(a). Calculate l(4).
14
Let s(z) = 57 - 114 + 55 + 0*z + z. Determine s(0).
-2
Let i be 170/(-17) - (1 - 0). Let h(a) = -8*a - 4. Let c(g) = 15*g + 8. Let w be ((-4)/6)/((-1)/(-9)). Let y(z) = i*h(z) + w*c(z). Give y(-4).
4
Let n(h) be the third derivative of -h**6/120 - h**5/15 - 5*h**4/24 - 2*h**3/3 + h**2 - 574*h. Calculate n(-5).
46
Let c(h) = -3*h + 1. Let p(o) = 4*o - 7. Let y(b) = -7*b + 15. Let l(r) = -9*p(r) - 4*y(r). Let w(n) = 11*c(n) - 4*l(n). Determine w(6).
-7
Let w(d) = -d**3 + 5*d**2 + 7*d - 4. Let i(f) = -3 + f - 8 - 2*f + 0*f - f**3 - f**2. Let b be i(0). Let t be -4*(b/2 - -4). What is w(t)?
2
Let x(i) = -i**2 + 6*i - 1. Suppose 4*f - 2*z - 15 - 3 = 0, 0 = z - 1. What is x(f)?
4
Let f(t) = -t**3 - 5*t**2 - 5*t - 2. Suppose 2*y = -8*y - 40. Give f(y).
2
Let q(j) = -4*j**2 - 33*j + 31. Let i(b) = b**2 + 8*b - 8. Let o(x) = 9*i(x) + 2*q(x). Determine o(-8).
6
Let i = -8 + 5. Let z(x) = -24*x**2 + 11*x + 4. Let b(r) = 13*r**2 - 6*r - 2. Let y(l) = 11*b(l) + 6*z(l). What is y(i)?
-7
Suppose -1 = -d + 9. Suppose 0*c + 2*f = c + 4, 0 = -2*f + d. Suppose 0 = c*o - 4*o - 12. Let x(g) = -2*g + 6. Calculate x(o).
-6
Let u(p) be the first derivative of -p**2/2 - 21*p - 18. What is u(-16)?
-5
Let v(l) = 18 - 6 - 2 + 7*l - 7. Let n(w) = w - 1. Let t be n(-1). Determine v(t).
-11
Let g(h) = -3*h + 5. Let i(x) = 1. Let u(a) = -g(a) + 5*i(a). Let b be (-6 + 5)/((2/(-58))/1). Let c = 33 - b. Give u(c).
12
Let j be -2 - 1/(-3*(-2)/(-24)). Let o(p) = p**2 + 4*p - 7. Let q be o(j). Let l(x) = -x**3 + 6*x**2 - 4*x + 1. Give l(q).
6
Let p(a) = -16*a - 72. Let k(z) = 13*z + 69. Let o(w) = -3*k(w) - 2*p(w). Calculate o(-10).
7
Let u(c) = -3 + 5 - 5*c - 5*c**2 + 1 - c**3 + 0. Let r(d) = -3*d - 1. Let j be r(1). Determine u(j).
7
Let n(h) = -3*h**2 + 2*h. Suppose -d - 2*m - 2 = 0, -2*d - 4*m + 20 = -4*d. Let w be (-1 - 2)/((-3)/8). Let a = w + d. Give n(a).
-8
Let d(k) = k**3 - 2*k + 4. Let t be d(0). Suppose 5*c = t*c. Let y(z) = -z - 4. What is y(c)?
-4
Let c(i) be the third derivative of i**6/120 + i**5/10 - 39*i**2. Determine c(-6).
0
Suppose -x = -12 + 8. Let t(l) = -l + x*l + 0*l. Suppose k = -2*k + 3. Determine t(k).
3
Suppose 7*t + 9 = 37. Let y(a) = -3*a**3 - 5*a**2 + a - 6. Let l(r) = 4*r**3 + 5*r**2 + 6. Let q(b) = t*l(b) + 5*y(b). What is q(4)?
-2
Let b(s) = -s**2 + s + 1. Let t(w) = -20*w**2 + 11*w + 19. Let c(v) = 10*v**2 - 5*v - 10. Let z(k) = 5*c(k) + 3*t(k). Let y(h) = 6*b(h) - z(h). What is y(-1)?
5
Let z(n) = n - 66. Let q = 211 - 211. Determine z(q).
-66
Let w(g) = -17*g + 1. Suppose 5*v - 5*q + 0 = 20, 3*v - 2*q - 9 = 0. Calculate w(v).
-16
Let j be (10 - 6)/(2/(-5)). Let o = -8 - j. Let n(k) = 6 + 5 - 9 - k. Determine n(o).
0
Let b(g) be the second derivative of g**5/20 - g**4/2 - 7*g**3/6 - g**2/2 + 50*g. Let y = 1 + 6. Give b(y).
-1
Let x(p) = -9*p - 1. Let t(k) = -21*k - 2. Let y(i) = -2*t(i) + 5*x(i). Calculate y(-7).
20
Suppose -3*y - 3*q - 4 = 2, -4 = y + 2*q. Suppose y*c + 25 = -5*c, 1 = -a + c. Let s(u) = u + 4. What is s(a)?
-2
Let w(z) = 8*z + 115. Let t be w(-14). Let j(h) = -h**2 + 7*h - 4. Calculate j(t).
8
Let l(t) = -2 - 10 - 20*t + 2*t**2 - 8 - 10*t + 38*t. Determine l(-6).
4
Let t(f) be the second derivative of f**4/6 + f**3/3 + 6*f**2 + 5*f. Let w(u) be the first derivative of t(u). Suppose 3 = h - 0. What is w(h)?
14
Suppose -z + 3*n + 17 = 0, -8 = -3*z + n + 19. Let b(q) = z - 7*q - 2*q**2 + 7 - 11 + 3*q**2. Determine b(6).
-2
Let b(h) = h**3 - 3*h**2 + 2*h. Let a be b(2). Let q(k) = -181*k + 58*k + 60*k + 6 + 64*k. Calculate q(a).
6
Let r(b) = -b**2 - 1. Let y be -1 - 1*(10 + -11). What is r(y)?
-1
Let c = -4 - -10. Let a(l) = -2*l - 2*l + 4*l**3 + 7*l**2 - 5*l**3 + 8 - 3*l. What is a(c)?
2
Let u(c) = 14 - c + 9*c - c - c. Calculate u(-2).
2
Let n(j) = -26*j + 2 - 26 + 29*j. Determine n(14).
18
Let v(t) = -5*t - 7*t + 3*t + 12*t + 16. Determine v(-3).
7
Suppose -4*i - 3 + 5 = 2*h, -5*h - 13 = 4*i. Let x(q) = -q**3 + 3*q**2 - q - 4. Determine x(i).
-7
Let n(u) = -u**2 + 10*u - 12. Let o(s) = 4*s - 20. Let q be o(7). What is n(q)?
4
Let l(f) = -6*f**2 - 4*f + 7. Let v(z) = -z**2 + 1. Let g(j) = l(j) - 5*v(j). Calculate g(-4).
2
Let b(c) be the second derivative of 0 - 3/2*c**2 + 25*c - 1/6*c**3. What is b(-2)?
-1
Suppose -86*b = -5*h - 92*b - 31, -3*b = -2*h - 34. Let j(w) = w**2 + 11*w - 2. Determine j(h).
-2
Let k(z) = z**2 + 5*z + 2. Let w = 5 - 5. Let i = -14 + 44. Suppose 5*g - 2*r = -3*r - i, w = -5*r. Give k(g).
8
Let b(q) = -q**3 + q**2 + q + 13. Let c(m) = -m**2 + 1. Let s(t) = b(t) + c(t). Let l = -3889 + 3889. Determine s(l).
14
Let x(h) = -h**2 - 6*h. Let o(b) = -b**2 - 33*b + 2. Let z(q) = -o(q) + 5*x(q). Suppose -3*l + f = -f + 4, -5*l = 4*f - 30. What is z(l)?
-12
Let g(d) = -d**3 + 11*d**2 + 14*d - 18. Let l = 423 - 411. What is g(l)?
6
Let a(s) be the first derivative of 0*s - s**2 - 1/4*s**4 - 13 - 4/3*s**3. Give a(-3).
-3
Let s(g) = 0*g + 128*g**2 - 5 + 6*g - 2*g - 129*g**2 + g. Give s(2).
1
Let x = -37 + 66. Suppose x = 3*o - 3*v + 8, -3*v = 12. Let d(u) = -u**3 + 5*u**2 - 4*u + 3. What is d(o)?
9
Let k(g) = 16*g**2 + 26*g + 27. Let f(p) = 3*p**2 + 5*p + 5. Let w(b) = 11*f(b) - 2*k(b). Give w(-5).
11
Let i(y) be the first derivative of -y**3/3 + 5*y**2 + 3*y - 367. Give i(10).
3
Let o(f) = f**2 - 8*f + 8. Let j(u) = -2*u - 6. Let y be j(-5). Let i be (-12)/((-3)/y*1). Suppose 0 = -12*q + i*q - 24. Determine o(q).
-4
Let v be 56/26 + (-88)/572. Let d(r) = -4*r. Determine d(v).
-8
Let d(k) be the second derivative of k**5/20 + 3*k**4/4 - 3*k**3/2 + 3*k**2 - 4*k. Let q be -2 - 1 - -1 - 8. Let s be d(q). Let l(p) = p - 1. What is l(s)?
-5
Let h(j) = -6*j + 1. Let v(z) = z - 1. Let d(t) = -h(t) - 5*v(t). Let p = 1206 - 1208. Give d(p).
2
Let a(r) = r**3 + 8*r**2 + 4*r + 7. Let i be 8 + -18 + (8 - 6). Determine a(i).
-25
Let y(q) = -q**3 - 3*q**2 - 2*q - 2. Suppose 0 = -4*t + 3*f - 71, -2*t - 52 = t - f. Let n = t + 21. Suppose -n*r = -0*r + 8. What is y(r)?
-2
Let c(g) = -23*g - 6. Let t(z) = -369*z - 99. Let x(w) = -33*c(w) + 2*t(w). Give x(1).
21
Let k(l) = 15 - 15*l**2 + 348*l + l**3 - 115*l - 128*l - 122*l. What is k(16)?
-1
Let l(z) = z + 13. Let o be l(-9). Let a(y) = -4 + o - 1 + 2*y - 3*y. Let w be (-19)/((-855)/(-30))*(-15)/2. Calculate a(w).
-6
Let m(v) be the second derivative of -v**4/12 + 2*v**3/3 - 4*v**2 - 388*v - 2. What is m(5)?
-13
Let d(w) = 4*w**2 - 9*w + 5. Let z(q) = -11*q**2 + 26*q - 15. Let h(g) = 8*d(g) + 3*z(g). Give h(3).
4
Let l(t) be the third derivative of 7*t**2 - 1/12*t**4 - 1/6*t**3 + 0*t + 0. What is l(3)?
-7
Let x(a) be the third deriv